[INFO] cloning repository https://github.com/JakWai01/avr-rs
[INFO] running `Command { std: "git" "-c" "credential.helper=" "-c" "credential.helper=/workspace/cargo-home/bin/git-credential-null" "clone" "--bare" "https://github.com/JakWai01/avr-rs" "/workspace/cache/git-repos/https%3A%2F%2Fgithub.com%2FJakWai01%2Favr-rs", kill_on_drop: false }`
[INFO] [stderr] Cloning into bare repository '/workspace/cache/git-repos/https%3A%2F%2Fgithub.com%2FJakWai01%2Favr-rs'...
[INFO] running `Command { std: "git" "rev-parse" "HEAD", kill_on_drop: false }`
[INFO] [stdout] 5ec0f4d403c363bf6428ee71488ae8fd53aa89ff
[INFO] checking JakWai01/avr-rs against master#9610dfe5a9a731ced1ea4923ecbd0c57fe367898 for beta-170-4
[INFO] running `Command { std: "git" "clone" "/workspace/cache/git-repos/https%3A%2F%2Fgithub.com%2FJakWai01%2Favr-rs" "/workspace/builds/worker-2-tc1/source", kill_on_drop: false }`
[INFO] [stderr] Cloning into '/workspace/builds/worker-2-tc1/source'...
[INFO] [stderr] done.
[INFO] validating manifest of git repo https://github.com/JakWai01/avr-rs on toolchain 9610dfe5a9a731ced1ea4923ecbd0c57fe367898
[INFO] running `Command { std: CARGO_HOME="/workspace/cargo-home" RUSTUP_HOME="/workspace/rustup-home" "/workspace/cargo-home/bin/cargo" "+9610dfe5a9a731ced1ea4923ecbd0c57fe367898" "metadata" "--manifest-path" "Cargo.toml" "--no-deps", kill_on_drop: false }`
[INFO] started tweaking git repo https://github.com/JakWai01/avr-rs
[INFO] finished tweaking git repo https://github.com/JakWai01/avr-rs
[INFO] tweaked toml for git repo https://github.com/JakWai01/avr-rs written to /workspace/builds/worker-2-tc1/source/Cargo.toml
[INFO] crate git repo https://github.com/JakWai01/avr-rs already has a lockfile, it will not be regenerated
[INFO] running `Command { std: CARGO_HOME="/workspace/cargo-home" RUSTUP_HOME="/workspace/rustup-home" "/workspace/cargo-home/bin/cargo" "+9610dfe5a9a731ced1ea4923ecbd0c57fe367898" "fetch" "--manifest-path" "Cargo.toml", kill_on_drop: false }`
[INFO] [stderr] warning: unused manifest key: build
[INFO] [stderr] warning: unused manifest key: unstable
[INFO] [stderr]     Updating git repository `https://github.com/Rahix/avr-hal`
[INFO] [stderr]     Updating crates.io index
[INFO] [stderr]  Downloading crates ...
[INFO] [stderr]   Downloaded avr-device-macros v0.2.3
[INFO] [stderr]   Downloaded target-cpu-fetch v0.1.3
[INFO] [stderr]   Downloaded avr-std-stub v1.0.3
[INFO] [stderr]   Downloaded embedded-hal v0.2.5
[INFO] [stderr]   Downloaded const_env_impl--value v0.1.2
[INFO] [stderr]   Downloaded target-cpu-macro v0.1.3
[INFO] [stderr]   Downloaded ufmt-macros v0.1.1
[INFO] [stderr]   Downloaded avr-config v2.0.1
[INFO] [stderr]   Downloaded avr_delay v0.3.2
[INFO] [stderr]   Downloaded const_env--value v0.1.2
[INFO] [stderr]   Downloaded ufmt v0.1.0
[INFO] [stderr]   Downloaded avr-device v0.2.3
[INFO] [stderr]   Downloaded avr-mcu v0.3.5
[INFO] [stderr]   Downloaded ruduino v0.3.2
[INFO] running `Command { std: "docker" "create" "-v" "/var/lib/crater-agent-workspace/builds/worker-2-tc1/target:/opt/rustwide/target:rw,Z" "-v" "/var/lib/crater-agent-workspace/builds/worker-2-tc1/source:/opt/rustwide/workdir:ro,Z" "-v" "/var/lib/crater-agent-workspace/cargo-home:/opt/rustwide/cargo-home:ro,Z" "-v" "/var/lib/crater-agent-workspace/rustup-home:/opt/rustwide/rustup-home:ro,Z" "-e" "SOURCE_DIR=/opt/rustwide/workdir" "-e" "CARGO_TARGET_DIR=/opt/rustwide/target" "-e" "CARGO_HOME=/opt/rustwide/cargo-home" "-e" "RUSTUP_HOME=/opt/rustwide/rustup-home" "-w" "/opt/rustwide/workdir" "-m" "1610612736" "--user" "0:0" "--network" "none" "ghcr.io/rust-lang/crates-build-env/linux@sha256:19e73879b68f455e41552ea35293514db52ea292d993f571636dbffedb77a1ee" "/opt/rustwide/cargo-home/bin/cargo" "+9610dfe5a9a731ced1ea4923ecbd0c57fe367898" "metadata" "--no-deps" "--format-version=1", kill_on_drop: false }`
[INFO] [stdout] e8b08abd34c91b48ffd967fe7e53bf1b72bea37a220b42af6edff68fbcaab3de
[INFO] running `Command { std: "docker" "start" "-a" "e8b08abd34c91b48ffd967fe7e53bf1b72bea37a220b42af6edff68fbcaab3de", kill_on_drop: false }`
[INFO] running `Command { std: "docker" "inspect" "e8b08abd34c91b48ffd967fe7e53bf1b72bea37a220b42af6edff68fbcaab3de", kill_on_drop: false }`
[INFO] running `Command { std: "docker" "rm" "-f" "e8b08abd34c91b48ffd967fe7e53bf1b72bea37a220b42af6edff68fbcaab3de", kill_on_drop: false }`
[INFO] [stdout] e8b08abd34c91b48ffd967fe7e53bf1b72bea37a220b42af6edff68fbcaab3de
[INFO] running `Command { std: "docker" "create" "-v" "/var/lib/crater-agent-workspace/builds/worker-2-tc1/target:/opt/rustwide/target:rw,Z" "-v" "/var/lib/crater-agent-workspace/builds/worker-2-tc1/source:/opt/rustwide/workdir:ro,Z" "-v" "/var/lib/crater-agent-workspace/cargo-home:/opt/rustwide/cargo-home:ro,Z" "-v" "/var/lib/crater-agent-workspace/rustup-home:/opt/rustwide/rustup-home:ro,Z" "-e" "SOURCE_DIR=/opt/rustwide/workdir" "-e" "CARGO_TARGET_DIR=/opt/rustwide/target" "-e" "CARGO_INCREMENTAL=0" "-e" "RUST_BACKTRACE=full" "-e" "RUSTFLAGS=--cap-lints=forbid" "-e" "RUSTDOCFLAGS=--cap-lints=forbid" "-e" "CARGO_HOME=/opt/rustwide/cargo-home" "-e" "RUSTUP_HOME=/opt/rustwide/rustup-home" "-w" "/opt/rustwide/workdir" "-m" "1610612736" "--user" "0:0" "--network" "none" "ghcr.io/rust-lang/crates-build-env/linux@sha256:19e73879b68f455e41552ea35293514db52ea292d993f571636dbffedb77a1ee" "/opt/rustwide/cargo-home/bin/cargo" "+9610dfe5a9a731ced1ea4923ecbd0c57fe367898" "check" "--frozen" "--all" "--all-targets" "--message-format=json", kill_on_drop: false }`
[INFO] [stdout] 69d41ce7d86ce7a24cdf22834a945570a4fe0b922f74ccef81738990ebd557e7
[INFO] running `Command { std: "docker" "start" "-a" "69d41ce7d86ce7a24cdf22834a945570a4fe0b922f74ccef81738990ebd557e7", kill_on_drop: false }`
[INFO] [stderr] warning: unused manifest key: build
[INFO] [stderr] warning: unused manifest key: unstable
[INFO] [stderr]    Compiling proc-macro2 v1.0.28
[INFO] [stderr]    Compiling syn v1.0.74
[INFO] [stderr]    Compiling semver-parser v0.7.0
[INFO] [stderr]    Compiling json v0.12.4
[INFO] [stderr]    Compiling paste v1.0.5
[INFO] [stderr]    Compiling xml-rs v0.8.13
[INFO] [stderr]     Checking nb v1.0.0
[INFO] [stderr]     Checking ufmt-write v0.1.0
[INFO] [stderr]     Checking nb v0.1.3
[INFO] [stderr]     Checking cfg-if v0.1.10
[INFO] [stderr]     Checking vcell v0.1.3
[INFO] [stderr]     Checking void v1.0.2
[INFO] [stderr]     Checking embedded-hal v0.2.5
[INFO] [stderr]    Compiling semver v0.9.0
[INFO] [stderr]    Compiling rustc_version v0.2.3
[INFO] [stderr]    Compiling target-cpu-fetch v0.1.3
[INFO] [stderr]     Checking avr-std-stub v1.0.3
[INFO] [stderr]     Checking panic-halt v0.2.0
[INFO] [stderr]    Compiling bare-metal v0.2.5
[INFO] [stderr]    Compiling xmltree v0.10.3
[INFO] [stderr]    Compiling avr-mcu v0.3.5
[INFO] [stderr]    Compiling target-cpu-macro v0.1.3
[INFO] [stderr]    Compiling quote v1.0.9
[INFO] [stderr]    Compiling ruduino v0.3.2
[INFO] [stderr]    Compiling const_env_impl--value v0.1.2
[INFO] [stderr]    Compiling avr-device-macros v0.2.3
[INFO] [stderr]    Compiling ufmt-macros v0.1.1
[INFO] [stderr]    Compiling const_env--value v0.1.2
[INFO] [stderr]     Checking avr-config v2.0.1
[INFO] [stderr]     Checking avr_delay v0.3.2
[INFO] [stderr]     Checking avr-device v0.2.3
[INFO] [stdout] error: cannot find macro `llvm_asm` in this scope
[INFO] [stdout]   --> /opt/rustwide/cargo-home/registry/src/index.crates.io-6f17d22bba15001f/avr_delay-0.3.2/src/lib.rs:34:17
[INFO] [stdout]    |
[INFO] [stdout] 34 |         unsafe {llvm_asm!("1: sbiw $0,1
[INFO] [stdout]    |                 ^^^^^^^^
[INFO] [stdout] 
[INFO] [stdout] 
[INFO] [stdout] error: cannot find macro `llvm_asm` in this scope
[INFO] [stdout]   --> /opt/rustwide/cargo-home/registry/src/index.crates.io-6f17d22bba15001f/avr_delay-0.3.2/src/lib.rs:41:13
[INFO] [stdout]    |
[INFO] [stdout] 41 |     unsafe {llvm_asm!("1: sbiw $0,1
[INFO] [stdout]    |             ^^^^^^^^
[INFO] [stdout] 
[INFO] [stdout] 
[INFO] [stdout] error[E0635]: unknown feature `llvm_asm`
[INFO] [stdout]  --> /opt/rustwide/cargo-home/registry/src/index.crates.io-6f17d22bba15001f/avr_delay-0.3.2/src/lib.rs:1:12
[INFO] [stdout]   |
[INFO] [stdout] 1 | #![feature(llvm_asm)]
[INFO] [stdout]   |            ^^^^^^^^
[INFO] [stdout] 
[INFO] [stdout] 
[INFO] [stdout] error: aborting due to 3 previous errors
[INFO] [stdout] 
[INFO] [stdout] 
[INFO] [stdout] For more information about this error, try `rustc --explain E0635`.
[INFO] [stdout] 
[INFO] [stdout] error: cannot find macro `llvm_asm` in this scope
[INFO] [stdout]   --> /opt/rustwide/cargo-home/registry/src/index.crates.io-6f17d22bba15001f/avr_delay-0.3.2/src/lib.rs:34:17
[INFO] [stdout]    |
[INFO] [stdout] 34 |         unsafe {llvm_asm!("1: sbiw $0,1
[INFO] [stdout]    |                 ^^^^^^^^
[INFO] [stdout] 
[INFO] [stdout] 
[INFO] [stdout] error: cannot find macro `llvm_asm` in this scope
[INFO] [stdout]   --> /opt/rustwide/cargo-home/registry/src/index.crates.io-6f17d22bba15001f/avr_delay-0.3.2/src/lib.rs:41:13
[INFO] [stdout]    |
[INFO] [stdout] 41 |     unsafe {llvm_asm!("1: sbiw $0,1
[INFO] [stdout]    |             ^^^^^^^^
[INFO] [stdout] 
[INFO] [stdout] 
[INFO] [stdout] error[E0635]: unknown feature `llvm_asm`
[INFO] [stdout]  --> /opt/rustwide/cargo-home/registry/src/index.crates.io-6f17d22bba15001f/avr_delay-0.3.2/src/lib.rs:1:12
[INFO] [stdout]   |
[INFO] [stdout] 1 | #![feature(llvm_asm)]
[INFO] [stdout]   |            ^^^^^^^^
[INFO] [stdout] 
[INFO] [stdout] 
[INFO] [stderr] error: could not compile `avr_delay` (lib) due to 4 previous errors
[INFO] [stderr] warning: build failed, waiting for other jobs to finish...
[INFO] [stdout] error: aborting due to 3 previous errors
[INFO] [stdout] 
[INFO] [stdout] 
[INFO] [stdout] For more information about this error, try `rustc --explain E0635`.
[INFO] [stdout] 
[INFO] [stderr] error: could not compile `avr_delay` (lib) due to 4 previous errors
[INFO] [stdout] error[E0635]: unknown feature `llvm_asm`
[INFO] [stdout]   --> /opt/rustwide/cargo-home/registry/src/index.crates.io-6f17d22bba15001f/avr-device-0.2.3/src/lib.rs:31:12
[INFO] [stdout]    |
[INFO] [stdout] 31 | #![feature(llvm_asm)]
[INFO] [stdout]    |            ^^^^^^^^
[INFO] [stdout] 
[INFO] [stdout] 
[INFO] [stdout] error[E0635]: unknown feature `llvm_asm`
[INFO] [stdout]   --> /opt/rustwide/cargo-home/registry/src/index.crates.io-6f17d22bba15001f/avr-device-0.2.3/src/lib.rs:31:12
[INFO] [stdout]    |
[INFO] [stdout] 31 | #![feature(llvm_asm)]
[INFO] [stdout]    |            ^^^^^^^^
[INFO] [stdout] 
[INFO] [stdout] 
[INFO] [stdout] error: aborting due to previous error
[INFO] [stdout] 
[INFO] [stdout] 
[INFO] [stdout] For more information about this error, try `rustc --explain E0635`.
[INFO] [stdout] 
[INFO] [stderr] error: could not compile `avr-device` (lib) due to 2 previous errors
[INFO] [stdout] error: aborting due to previous error
[INFO] [stdout] 
[INFO] [stdout] 
[INFO] [stdout] For more information about this error, try `rustc --explain E0635`.
[INFO] [stdout] 
[INFO] [stderr] error: could not compile `avr-device` (lib) due to 2 previous errors
[INFO] running `Command { std: "docker" "inspect" "69d41ce7d86ce7a24cdf22834a945570a4fe0b922f74ccef81738990ebd557e7", kill_on_drop: false }`
[INFO] running `Command { std: "docker" "rm" "-f" "69d41ce7d86ce7a24cdf22834a945570a4fe0b922f74ccef81738990ebd557e7", kill_on_drop: false }`
[INFO] [stdout] 69d41ce7d86ce7a24cdf22834a945570a4fe0b922f74ccef81738990ebd557e7
